housands digit of 84963956?
9
What is the hundred thousands digit of 526825871?
8
What is the ten thousands digit of 14925764?
2
What is the hundreds digit of 274894784?
7
What is the hundred millions digit of 5407073369?
4
What is the hundred millions digit of 108417186?
1
What is the ten thousands digit of 285979385?
7
What is the hundred millions digit of 2917836043?
9
What is the units digit of 826638455?
5
What is the tens digit of 3820457777?
7
What is the billions digit of 1007565864?
1
What is the thousands digit of 120933623?
3
What is the ten thousands digit of 145133323?
3
What is the hundred thousands digit of 613243841?
2
What is the thousands digit of 45755647?
5
What is the hundred millions digit of 172075611?
1
What is the millions digit of 4000907?
4
What is the hundreds digit of 41481905?
9
What is the hundred thousands digit of 1580217700?
2
What is the thousands digit of 138048287?
8
What is the tens digit of 463312234?
3
What is the hundred thousands digit of 602037753?
0
What is the tens digit of 198477640?
4
What is the tens digit of 5911929740?
4
What is the units digit of 1565816838?
8
What is the hundreds digit of 397410967?
9
What is the ten thousands digit of 991542228?
4
What is the hundred millions digit of 130462409?
1
What is the units digit of 41295011?
1
What is the ten millions digit of 263818904?
6
What is the hundred thousands digit of 11351108?
3
What is the hundred millions digit of 1242053173?
2
What is the tens digit of 73553269?
6
What is the hundreds digit of 86699129?
1
What is the millions digit of 199528526?
9
What is the ten thousands digit of 849311539?
1
What is the thousands digit of 792000320?
0
What is the units digit of 11640013?
3
What is the hundreds digit of 386145322?
3
What is the ten millions digit of 434765414?
3
What is the thousands digit of 163188493?
8
What is the hundreds digit of 36892900?
9
What is the units digit of 1020441399?
9
What is the hundred thousands digit of 786018317?
0
What is the units digit of 251389369?
9
What is the hundred millions digit of 548546562?
5
What is the hundred millions digit of 2728994464?
7
What is the millions digit of 1104538331?
4
What is the millions digit of 501599033?
1
What is the tens digit of 8375748?
4
What is the hundred millions digit of 372288087?
3
What is the tens digit of 1126043129?
2
What is the hundred millions digit of 760896024?
7
What is the tens digit of 1279024625?
2
What is the thousands digit of 412618298?
8
What is the hundred millions digit of 5101573198?
1
What is the hundred thousands digit of 8934261228?
2
What is the tens digit of 628316763?
6
What is the units digit of 831180471?
1
What is the hundred thousands digit of 62041938?
0
What is the hundred thousands digit of 666184036?
1
What is the hundreds digit of 566811241?
2
What is the hundred millions digit of 1403528303?
4
What is the millions digit of 5004597307?
4
What is the thousands digit of 1340234086?
4
What is the hundred millions digit of 2517101564?
5
What is the ten thousands digit of 901000168?
0
What is the tens digit of 22138893?
9
What is the ten thousands digit of 25516909?
1
What is the thousands digit of 17399452?
9
What is the hundreds digit of 413102429?
4
What is the hundreds digit of 197692659?
6
What is the millions digit of 711435955?
1
What is the ten millions digit of 1112376979?
1
What is the thousands digit of 12777931?
7
What is the units digit of 1061684502?
2
What is the billions digit of 4766891628?
4
What is the hundred thousands digit of 287336187?
3
What is the ten millions digit of 379359812?
7
What is the ten thousands digit of 6474519603?
1
What is the millions digit of 35609378?
5
What is the millions digit of 1012686638?
2
What is the thousands digit of 52513679?
3
What is the ten millions digit of 214046862?
1
What is the millions digit of 11540261?
1
What is the hundreds digit of 8004894?
8
What is the hundred millions digit of 4407505024?
4
What is the hundreds digit of 126990216?
2
What is the hundreds digit of 15495489?
4
What is the hundreds digit of 204929465?
4
What is the hundreds digit of 369216348?
3
What is the ten thousands digit of 311503918?
0
What is the thousands digit of 34555110?
5
What is the hundred thousands digit of 194220168?
2
What is the millions digit of 24334640?
4
What is the ten millions digit of 1226357623?
2
What is the tens digit of 1845353?
5
What is the millions digit of 2124355932?
4
What is the ten millions digit of 1934309785?
3
What is the ten thousands digit of 50428619?
2
What is the ten millions digit of 21639153?
2
What is the millions digit of 1655343950?
5
What is the hundreds digit of 239881828?
8
What is the hundred thousands digit of 50410214?
4
What is the ten thousands digit of 279966068?
6
What is the thousands digit of 604012266?
2
What is the tens digit of 34848079?
7
What is the ten millions digit of 158184688?
5
What is the billions digit of 1301908754?
1
What is the thousands digit of 55145679?
5
What is the billions digit of 4506973576?
4
What is the thousands digit of 1719329?
9
What is the ten millions digit of 330154541?
3
What is the hundred thousands digit of 44689484?
6
What is the hundreds digit of 4607020092?
0
What is the tens digit of 720093305?
0
What is the tens digit of 2098845245?
4
What is the thousands digit of 603839600?
9
What is the thousands digit of 63455950?
5
What is the ten thousands digit of 681778304?
7
What is the hundreds digit of 2414559580?
5
What is the hundred millions digit of 4574904368?
5
What is the tens digit of 1690039522?
2
What is the hundreds digit of 61661684?
6
What is the millions digit of 720163217?
0
What is the thousands digit of 33727785?
7
What is the thousands digit of 852554681?
4
What is the units digit of 52633619?
9
What is the hundreds digit of 150797351?
3
What is the hundred thousands digit of 373272723?
2
What is the ten thousands digit of 61235473?
3
What is the tens digit of 58688050?
5
What is the millions digit of 240114358?
0
What is the thousands digit of 1366549964?
9
What is the ten millions digit of 60269425?
6
What is the hundred thousands digit of 41611328?
6
What is the ten thousands digit of 450231591?
3
What is the ten millions digit of 349238962?
4
What is the ten millions digit of 1805712139?
0
What is the units digit of 32394728?
8
What is the hundred millions digit of 2481374219?
4
What is the hundred thousands digit of 1217585986?
5
What is the hundred thousands digit of 491275929?
2
What is the millions digit of 196607863?
6
What is the ten thousands digit of 862832470?
3
What is the units digit of 295353351?
1
What is the millions digit of 370012139?
0
What is the ten thousands digit of 442939822?
3
What is the hundred thousands digit of 1120679764?
6
What is the millions digit of 551969216?
1
What is the millions digit of 434573850?
4
What is the hundred thousands digit of 289579773?
5
What is the ten thousands digit of 175983013?
8
What is the tens digit of 73211752?
5
What is the ten thousands digit of 22611872?
1
What is the hundred millions digit of 121610627?
1
What is the hundred thousands digit of 96678291?
6
What is the ten millions digit of 1402100033?
0
What is the millions digit of 54055818?
4
What is the hundred thousands digit of 17917881?
9
What is the hundreds digit of 23495754?
7
What is the ten thousands digit of 1057528931?
2
What is the hundred millions digit of 2537794972?
5
What is the hundred millions digit of 226250987?
2
What is the tens digit of 28061954?
5
What is the thousands digit of 3737925850?
5
What is the units digit of 4660688212?
2
What is the ten thousands digit of 149329256?
2
What is the billions digit of 1072791295?
1
What is the units digit of 100224336?
6
What is the hundreds digit of 5414987?
9
What is the hundred thousands digit of 7375254126?
2
What is the millions digit of 2403877906?
3
What is the ten thousands digit of 81512275?
1
What is the units digit of 247970440?
0
What is the hundreds digit of 14770992?
9
What is the hundreds digit of 79598929?
9
What is the units digit of 400245988?
8
What is the tens digit of 243590606?
0
What is the thousands digit of 958990782?
0
What is the millions digit of 23224157?
3
What is the ten millio